107)?
-86
(-1 - -109 - 147) + 14
-25
Evaluate (-23 - 85) + -49 - -89.
-68
Calculate -102 + 77 + -23 - -107.
59
(-20 - (-2 - -2) - -2) + 75 + -73
-16
What is the value of -82 + 62 + -185 - -67?
-138
What is (90 - (31 + -25)) + -45?
39
Evaluate -7 - (10 - 25) - (-4 - -71 - (-1 - 1)).
-61
Evaluate -1215 + 1233 + (-9 - 0).
9
What is the value of -54 + (16 - (24 - -1) - -21)?
-42
What is the value of 62 - (106 + -165) - 33?
88
What is (154 - 407 - -111) + (16 - 1)?
-127
Calculate (0 + 0 - ((-386 - -355) + 29 + -1)) + -11.
-8
46 + -68 + ((2 - -3) + 7 - 2) + 23
11
Calculate (32 - 25 - (13 - -3)) + 5 - (25 + -18).
-11
(37 - 22) + 8 + 8
31
What is the value of 10 + (10 - -3) + 9 + -25 - -22?
29
Evaluate (-40 + 100 - 62) + 0 + -14 - 72.
-88
Evaluate -6 - (-26 + 14 + -4) - (2 - 5 - -22).
-9
What is -62 + 1 + 6 + 2 + 13?
-40
61 + 14 + (-88 - -36)
23
What is the value of -24 - -12 - (14 - (4 + -8))?
-30
What is the value of 20 - (-94 - (-132 - 1))?
-19
What is (-12 + -10 - 60) + 141?
59
What is the value of (-3 - -2 - (-12 - 1)) + 191074 + -191219?
-133
What is the value of 0 - (-11 - (-3 - 6) - 22)?
24
-174 + 95 + (0 + -1 - -17)
-63
Evaluate (55 - -75) + 121 + -121.
130
What is (-24 - (-25 - 17)) + -57 + -23?
-62
57 - ((-14 - -1) + 196 + -177)
51
What is -50 - ((3 - 12) + (16 - 11 - -8))?
-54
What is (-2 - -87) + (233 - (295 - 41))?
64
Calculate -622 + 631 - (-1 - (5 - 3) - 29).
41
Calculate -38 + 3 + -22 + -16 + -26.
-99
(59 - 88 - -62) + -135
-102
What is -23 - ((18 - 14) + -9) - -9?
-9
(69 + -155 - -55) + (68 - -1)
38
Evaluate -501 + 497 + (0 - -35) + 8.
39
-91 + 80 + (5 - 5) + 9
-2
55 + (-6 - (-1 + 15 - 6))
41
What is the value of -29 + 0 - (-278 - -354) - -19?
-86
What is -16 + (19 - (7 - 7 - -6)) + 0?
-3
What is the value of (40 + -28 - -79) + -23?
68
Evaluate 20 + (1 - -2) - (10636 - 10626).
13
Evaluate (-1 - 6) + (-18 + 4 + -2 - -18).
-5
Calculate -36 - (8 - 21 - 2) - -64.
43
-126 - -117 - (-5 - -3)
-7
What is the value of (30 - 19) + 1 + (1 - 12)?
1
Evaluate 26 + (-228 - -88 - -87).
-27
-30 - (-11 + -57 + 34 + 48)
-44
What is the value of -146 - (42 + (-54 - 69))?
-65
What is 6 + (-10 - (14 + -16)) + (-24 - -3)?
-23
(48 - (79 + 25)) + 23
-33
What is -26 - (-27 - (24 + 34))?
59
Calculate 13 + -1 - (1 + 102 + (-35 - (-29 + -2))).
-87
What is the value of -97 - (96 + -115) - 17?
-95
Calculate (4 - 17) + -1 + 2 + 2.
-10
-10 - (1 + 0 - -61 - (-2885 + 2893))
-64
(57 - 56 - (4 + 4 + 1)) + -1 + -28
-37
What is the value of 4 - (-404 + 385 - (1 + (-11 - 1)))?
12
Calculate 114 + -84 + -13 + 2 + -5.
14
-17 - ((71 - 63) + 0 + -78)
53
What is the value of 35 + 40 + 0 + 15 - -3?
93
What is the value of 1381 + -1385 + 6 + 1 + 1 + 2?
6
Calculate -7 - ((-7 - (-11 - -31)) + -4 + -7).
31
What is 8 + -122 + (5 + 15 - -9) + -16?
-101
What is the value of -6 - (1 + -17) - ((52 - -52) + -160)?
66
What is 36 + (-4 + 33 - 27)?
38
16 + -11 + (16 - 2 - 13 - -3)
9
(34 + (7 - 13) - 1) + -11 - 48
-32
What is (-61 - -37 - -2) + (-13 - -2)?
-33
Calculate 46 + -38 - (-58 - -82).
-16
51 + -92 + (0 - (1 + 18)) - 18
-78
Calculate ((-4 - 1) + 27 - 120) + 22.
-76
Calculate 10 - -11 - 6 - (5 + -8 + 4).
14
Calculate -11 + 1 - (136 + (-10 - (32 + 12))).
-92
What is -1 + 1 + 3 - 52 - (-1 - (2 - -3))?
-43
What is -16 + (86 - 98) + (-2 - -1)?
-29
What is the value of (141 - 49) + -117 + 58?
33
Evaluate -6 + (4 - -4) - 13 - 81 - (25 + -25).
-92
Calculate (0 + 3 + 3 - (4 - 25 - 16)) + -5.
38
0 - -16 - (37 + -22 + 15 - 24)
10
Calculate (483 - 470) + 3 + 19.
35
What is 25 + (8 - 140) - (26 + -9 + -22)?
-102
What is -6 + 6 + -8 - (-11 - (-11 + -20 - -16))?
-12
Evaluate (-20 - -2) + (2132 - 2072).
42
Calculate (1 - (-1 - -2)) + 1 + -36 + -1513 + 1547.
-1
What is -40 + (0 - -1) + 2 - (6 + 5)?
-48
What is (36 + -54 - -49) + -34?
-3
What is the value of (-11 - -69) + 33 + -24 + -25 - 24?
18
Calculate 6 + (-10 - (58 + (12 - (-1 - -13)))).
-62
Calculate -155 - (43 + -128) - -121.
51
What is the value of 6 - (-17 - 13) - 98 - (-1 + -2 - -1)?
-60
Calculate 75 - (6 + 1 + -219 + 194).
93
Calculate 59 + (-24 - (-50 - -51)).
34
44 - (4 - 32 - -56) - -94
110
What is the value of (-41 - (39 + 26 + -40)) + 23?
-43
Calculate (14 - 1) + (-12 - 12 - 5) + 44.
28
What is (-2 - (1 + 5)) + (-66 + 114 - -21)?
61
Calculate 62 - (-2 - -1 - (-13 - (-23 - (-24 + 10)))).
59
What is the value of -2 + 2 + -10 + (-30 + 108 - 50)?
18
8 + 10 - (21 + -8 + -4) - -17
26
What is the value of 18 + (9 - (34 + (17 - 17) + -8))?
1
Evaluate 119 - (268 - (-9 + 145)).
-13
Evaluate (11 - 4) + -19 + (8 + 2 - (74 - 5)).
-71
Evaluate (22 - (-38 + 94)) + -22.
-56
What is 1 + (-34 - -39) + ((8 - 5) + -2 - 27)?
-20
Calculate -7 - (-45 - -68) - -12.
-18
(34 - 19 - 6) + (23 - -34) + 1
67
What is the value of -3076 + 3042 + -2 + (-3 - (2 - 3))?
-38
What is 39 - (64 - (30 - -77))?
82
What is 3 + 32 - (470 + -446) - 65?
-54
What is 5 + 3 + (-419 - -464)?
53
What is the value of -32 - -5 - (-43 + 14)?
2
Calculate 25 + -26 - -5 - 62.
-58
6 + -44 + -5 + (11 - (-12 + 7 + 3))
-30
What is the value of 2 - (-13 - ((-43 - -7) + -5 + 11))?
-15
Evaluate (8 - ((41 - 35) + (0 - -5))) + -55.
-58
What is the value of -72 + (42 - (-43 - -29))?
-16
What is the value of 10 - (68 - 11) - -85?
38
What is -9 + 30 - (11 + (-18 - -18) + -11)?
21
-88 - (82 - 182) - (1 + -16)
27
(-137 - -170) + -97 - (1 - 30)
-35
What is the value of 5 + 1 + 11 - (6 - (-2 + (2 - -3)))?
14
What is the value of -53 + 25 + 56 + -40?
-12
Evaluate (-25 - 72) + -6 + 10 + (1 - 18) + -7.
-117
31 + -42 + 22 + 13 + -2
22
What is the value of (-9 - -5 - 26 - -13) + (33 - -87)?
103
-32 - ((20 - 44) + 14 + -25)
3
(80 + -56 - -5) + -20 - (-2 + -14)
25
Evaluate 5 + -3 - -5 - (740 - 688).
-45
What is (7 - -56) + -41 - 34?
-12
What is the value of (-6 - 9) + (-8 - 7) + -1 + -14?
-45
Evaluate -9 - (10 - (-15 - (10 - (-8 + 14 - -38)))).
0
Evaluate -18 - (16 + -38) - (24 + -13 - 3).
-4
-3 - (-18 + 3) - (42 + (-7 - 7 - 17))
1
What is -83 - ((12 - 20) + 23)?
-98
Calculate -28 + 0 + -7 + (29 + -27 - -10).
-23
Calculate (-124 - (-215 + 61)) + 17.
47
Calculate (-6 - (-17 + -2)) + -18 + 20 + -14.
1
Calculate -35 + (15 - -65) + -25.
20
Evaluate 76 - (-62 - (-59 + -72)).
7
What is the value of 355 + -301 + -17 + -7?
30
What is (-3 - -19) + (-43 - -41) + 2 + -2 + 2?
16
What is the value of -22 - (3 + 20 + (0 - (-2 + -14)))?
-61
3 - (100 + (-26 - -8)) - ((-1 - 0) + 2)
-80
(-35 - (-11 - 43)) + 9
28
What is the value of (89 - 30) + -387 + 195?
-133
-6 + 1 + 20 + -8
7
18 - (-40 - (-4 - 20))
34
What is -376 - -372 - (-39 + (-1 + 1 - -3))?
32
What is (45 - 33) + 11 - 140 - -29?
-88
Evaluate 46 + (24 - (10 + 18)).
42
27 - (9 + -21 + 9 - 2)
32
(-17 - 9 - 30) + 46
-10
Calculate (66 - -23) + -11 - 46.
32
-5 - (142 + -8 + -39) - -47
-53
Calculate (22 - 19 - (-2 - -7)) + 131 + (13 - 11).
131
Calculate 21 + (53 - (4 + 24)) - 38.
8
Calculate 45 - ((657 - 662) + (1 - 14)).
63
Evaluate -3 + -2 + 64 + -10 + 1 - (-19 - -22).
47
What is -20 - (-34 + 7 + -3 + 13 + 40)?
-43
Evaluate (-5 + -1 - (395 + -333) - (-2 - 7)) + -1.
-60
What is the value of (-7 - -23) + 17 + (1 - 24) - -129?
139
18 + -51 + 5 + 51
23
What is (82 - 87) + -3 + (-2 + 0 - -63) + -2?
51
What is the value of 28 + -1 - (8 - -6 - (14 + 5 + -8))?
24
What is the value of (-3 + 1 + (62 - 58) - (30 - 18)) + 74?
64
What is (4 - (10 + -14)) + -5 + 0 + 8?
11
What is the value of 31 + (4 + -36 + 46 - (11 - 2))?
36
Calculate 13 - ((-4 - 1) + -24 + 45 - (0 + -7)).
-10
Calculate -31 - (24 + -38) - (1 - -18).
-36
Calculate -12 + (24 - 24) + (-59 - -15).
-56
Evaluate -41 + (58 - 67 - (-12 + -4)).
-34
What is the value of 3 + -1 + 3 - (50 + -7 - -12)?
-50
What is the value of (-4 - -4) + 3 + -22 + -17 + 8?
-28
((390 - 249) + (0 - 14) - (-16 + 14)) + 4
133
What is 49 - (-18 + (-4 - (22 - (13 + 15))))?
65
(9 + (24 - 13) + -22 - 0) + (-3 - -12)
7
Calculate 159 + -172 + (12 - (1 - -3)) - 4.
-9
83 - (-65 - -68 - (27 + -6)) - (9 - 1)
93
Evaluate -17 + 1 + (87 + -88 - (13 + -1)).
-29
What is the value of 12 + (-35 - 124) - -95?
-52
3 - 2 - -19 - (80709 - 80723)
34
-30 + 106 - (33 - 25) - (2 - 4)
70
Calculate -59 + 29 + (-14 - -21) + -53.
-76
What is the value of (103 - 52) + (-219 - -69)?
-99
What is -61 + (4 - 5 - -5) - (-45 + 18 + 33)?
-63
9 + (-8 - -8) - (68 + (-7 - -7))
-59
Calculate 